 = 184 + -108. What is the greatest common divisor of q and w?
19
Let n = -180 + 342. Let p = n - 243. Let a = -15 - p. What is the highest common factor of a and 6?
6
Suppose -10 = 2*a, 6*u - 50 = 2*u + 2*a. Suppose -254 = -6*r + u. What is the greatest common divisor of r and 4?
4
Let t(u) = 87*u + 145. Let l be t(7). What is the highest common divisor of 26 and l?
26
Suppose 2*f - 20 = -d, -106 = -5*d - 2*f - 2*f. Calculate the highest common divisor of 11 and d.
11
Suppose -4*x + 4*f - 4 = 0, 2*x - f + 19 = -2*x. Let s be (-53)/(-5) + -1 + x/10. What is the greatest common divisor of 9 and s?
9
Suppose 63 = 5*d + 5*k - k, d = 5*k + 30. Let f = -45 + -1. Let w = 61 + f. Calculate the highest common factor of d and w.
15
Let s = 5 - -72. Suppose -88*v + 49*v = 294*v - 3663. Calculate the greatest common divisor of s and v.
11
Suppose 0 = -18*t + 20*t - 92. Suppose 0 = -0*v + v - t. What is the greatest common factor of 115 and v?
23
Let h = 2844 - 2729. Calculate the highest common divisor of h and 253.
23
Let n(q) = -q**3 - 6*q**2 - 6*q + 4. Let t be n(-5). Let b(l) = 245*l - 236. Let g be b(1). Calculate the highest common factor of t and g.
9
Let p(w) = 7*w - 9. Let u be p(2). Suppose -3*s + u = -13. What is the greatest common divisor of s and 3?
3
Let b be 55 + 1 - (0 - -1). Let z be 8/2 + -3 + b. Let p(h) = 2*h**2 + 2*h + 3. Let g be p(-2). Calculate the highest common divisor of z and g.
7
Let b = 22 + 5. Calculate the greatest common divisor of b and 12.
3
Suppose -4 - 14 = 2*x. Let k(l) be the third derivative of -l**4/6 - 8*l**3/3 + 34*l**2. Let i be k(x). Calculate the greatest common divisor of i and 50.
10
Let q be (-24 + 29)*186/30. What is the greatest common factor of 248 and q?
31
Let b = 4862 + -4799. Suppose -2*w = 3 - 21. Calculate the greatest common factor of w and b.
9
Let m(s) = s + 105. Let i be m(-25). Calculate the highest common divisor of i and 56.
8
Let v = -137 - -140. Suppose v*b = 4 + 56. Suppose -2*n + 7*n - 5*f = 45, 3*n - 19 = f. Calculate the highest common factor of b and n.
5
Suppose -13*r = -820 - 233. Let v = r + -70. Let l = 61 - -27. What is the greatest common divisor of v and l?
11
Let j = 34 - 42. Let v(y) = -y**2 - 10*y - 7. Let p be v(j). Suppose -4*b - b = -135. What is the highest common factor of p and b?
9
Let l(j) = 12*j**2 + 10*j + 26. Let u be l(7). What is the highest common factor of 152 and u?
76
Suppose 3*j = 12 + 3. Suppose -4*p + p - 49 = -j*v, 0 = -4*v + 4*p + 36. What is the greatest common factor of v and 22?
11
Let x be 11/((-77)/(-49)) - -1. What is the highest common divisor of x and 2616?
8
Let a(z) = z + 15. Let t be a(-9). Suppose -4*b + 139 = 3*f, -t*b + 166 = -b - 4*f. Let p = -33 + b. What is the highest common divisor of 7 and p?
1
Suppose 8*a - 4*a = 5*p - 1002, -3*a - 802 = -4*p. Let t = p + -151. Calculate the highest common divisor of t and 102.
51
Suppose 44 = 3*r - 460. Calculate the greatest common divisor of 48 and r.
24
Suppose 3*y - 5*w - 109 = 0, 1 = -3*y - 3*w + 118. What is the highest common divisor of y and 2?
2
Suppose 12*h = 7*h + 85. Suppose 2 = 4*v + 46. Let x be (v + 10)/((-2)/170). What is the greatest common factor of h and x?
17
Suppose 1 + 8 = 3*r. Let m(c) = 10*c - 11. Let x(a) = -11*a + 12. Let d(g) = 6*m(g) + 5*x(g). Let s be d(6). What is the highest common factor of r and s?
3
Suppose 56 = 2*h - 4*g, -g + 22 = -26*h + 27*h. What is the greatest common divisor of h and 200?
8
Let n = -72 + 50. Let f be ((n/2)/1)/((-7)/14). What is the highest common divisor of 66 and f?
22
Let o(d) = -d**3 - 13*d**2 - 3*d + 15. Suppose -2*g + h = g + 44, -36 = 2*g - 2*h. Let w be o(g). What is the greatest common factor of w and 18?
18
Suppose 3*h + 155 - 293 = 0. Let k(o) = 37*o + 4. Let s be 3 - (0/3)/1. Let r be k(s). What is the highest common divisor of h and r?
23
Let y(j) = -j**3 - 6*j**2 + 6*j + 2. Let m be y(-7). Let w be ((-42)/16)/(8/(-64)) - -6. Calculate the greatest common divisor of w and m.
9
Let p be 8/20 + (-156)/(-10). Let b = p - 10. Let h be 72/4*4/b. Calculate the greatest common divisor of h and 4.
4
Let p(t) = -t**3 + 7*t**2 - 5*t + 6. Let y(k) = 2*k**2 - 35*k - 12. Let f be y(18). Let i be p(f). Calculate the greatest common divisor of i and 24.
12
Let c be 16 + (7 - 3) + -1. Let f = c - -12. Suppose 4*r + f = 5*r + 5*p, 5*r = -4*p + 71. Calculate the greatest common factor of r and 55.
11
Let o be 8/16*4/(-6)*-33. What is the greatest common divisor of o and 451?
11
Let d be (-1)/5 - 1/(-5). Suppose -3*u - 27 = -d*u. Let j = u + 13. Calculate the greatest common divisor of 12 and j.
4
Let n(u) = 6*u**3 - 16*u**2 - 4*u - 1. Let k be n(4). What is the greatest common divisor of 481 and k?
37
Suppose -12*b = -37*b + 350. Calculate the highest common factor of b and 70.
14
Let n(f) be the first derivative of -f**4/2 + 4*f**3/3 + f**2 - 8*f + 15. Let w be n(-4). What is the highest common factor of 22 and w?
22
Suppose -2104 = -3*d + h, -4*d + h + 2758 = -46. Calculate the highest common divisor of 25 and d.
25
Let b(z) = 2*z**2 + 5*z - 63. Let v be b(-9). Suppose 0 = -2*f + 2*i + 22, -4*f = 4*i - 2 - 2. What is the highest common divisor of v and f?
6
Let s(a) = -a**2 + 2*a**2 + 7 - 4. Let y be s(3). Let z(r) = 12*r + 12. Let w be z(10). Calculate the highest common divisor of y and w.
12
Let n = -1104 - -1236. Calculate the greatest common divisor of n and 44.
44
Let d = 32 + -18. Suppose -12*i = -10*i - 3*y - 106, -y = -5*i + 278. Calculate the highest common divisor of d and i.
14
Let k(s) = 19*s + 38. Let u be k(11). Calculate the highest common factor of 13 and u.
13
Let c be (-9)/36 - 1/(-4). Suppose c = -4*m + 2*m. Suppose -2*t + m*t = -182. What is the highest common divisor of 13 and t?
13
Let s be (-6)/((-1)/(-3) + -1). Let p(v) = -v + 7. Let i be p(3). Suppose 0 = i*f - 19 - s. What is the greatest common divisor of f and 35?
7
Suppose 5*q = -4*g + 16, -2*g - 4*q + 6 = -q. What is the greatest common divisor of g and 297?
9
Let u be (-2)/(4/2)*-210. Suppose 4*j - u = 5*x - 75, x = 5*j - 195. Calculate the highest common factor of 16 and j.
8
Suppose 0 = -6*p + 2*p. Suppose -5*z + 5 + 115 = p. Calculate the greatest common factor of z and 24.
24
Let q be 4/18 - 7/(126/(-2768)). Let c be ((-42)/(-4))/(9/12). What is the highest common factor of q and c?
14
Let s be (13/4 + -3)/(4/496). What is the highest common divisor of s and 62?
31
Let k be -3 + 484 + 6 + -4. What is the greatest common factor of 138 and k?
69
Let u be 27/21 + (-8)/28. Let c = -20 + 50. Suppose c = 5*p - 5. What is the highest common divisor of p and u?
1
Let g = 208 + -163. Calculate the highest common factor of g and 5.
5
Suppose -4*z = -105 + 25. Suppose d - 2*l = 3, -z = -2*d - 3*l + 14. Let p = d - 2. Calculate the greatest common divisor of 81 and p.
9
Let g be (-9)/6*(-650)/3. Calculate the highest common factor of 130 and g.
65
Let o(d) = 15*d - 2. Let i be o(1). Suppose 0 = 2*w - w + 4*p - 13, -i = -w + p. Suppose -18*h + 60 = -w*h. What is the greatest common factor of 36 and h?
12
Suppose -2*j - 3*b = -887, 3*j = 7*b - 5*b + 1324. Calculate the highest common divisor of j and 39.
13
Suppose 46 = -5*m + 216. Let y(w) = 375*w - 1. Let c be y(1). Calculate the highest common factor of m and c.
34
Suppose 3*d + 80 = 4*d. Let c = 102 - d. Suppose 275 = 2*i + 99. Calculate the highest common divisor of c and i.
22
Let d(c) = 2*c**2 - 10*c + 16. Let a be d(10). Let b = -106 + a. What is the greatest common divisor of 90 and b?
10
Let n(l) = l**2 + 8*l - 9. Suppose -3*v = 3*b + 34 + 17, -4*v - 2*b = 58. Let z be n(v). Calculate the highest common divisor of z and 351.
39
Let i(k) = -17*k + 8. Let m be i(3). Let y = m - -93. What is the greatest common factor of y and 20?
10
Suppose -165 = 2*u - 13. Let a = u - -84. Calculate the highest common factor of 64 and a.
8
Let p = 54 - 36. Suppose 34 = -p*t + 106. Calculate the highest common divisor of 10 and t.
2
Suppose 5*a = -2*y + 5*y - 12, 3*y = a + 12. Calculate the greatest common factor of y and 112.
4
Let a(m) = -3*m**2 - 21*m + 11. Let j(k) = -k**2 - 7*k + 4. Let x(b) = 6*a(b) - 17*j(b). Let o be x(-5). Calculate the highest common factor of o and 64.
8
Let s(h) = 3*h**2 - 56*h + 53. Let r be s(1